et g(h) = -h**2 + h. Let t be ((-40)/70)/(3/(-21)). Determine g(t).
-12
Let f(q) = -12*q**2 - 26*q**2 + 37*q**2 + 12 + 7*q. Determine f(9).
-6
Let n(c) be the second derivative of c**4/6 + 7*c**3/2 - 15*c**2/2 - 12*c. Let m(s) = -s**2 - 10*s + 7. Let x(q) = 9*m(q) + 4*n(q). Determine x(-7).
-4
Let o be 7 + (2/(-3))/((-2)/(-6)). Let v be (-27)/(-6)*(o + -7). Let c(k) = k + 6. Determine c(v).
-3
Let l(d) = 42*d + 37*d + 42*d + 34*d - 158*d + 2. Calculate l(-3).
11
Let s(f) = -f**3 + 13*f**2 - 13*f + 6. Let q be s(12). Let u(w) = -w**2 - 6*w + 6. Give u(q).
6
Let i(s) = -5*s + 1. Let p = 62 - 69. Let k(q) = -6*q + 1. Let n(m) = p*i(m) + 6*k(m). What is n(-1)?
0
Let l(x) = 2*x**3 + 19*x**2 - 18*x - 4. Let v(f) = 3*f**3 + 18*f**2 - 17*f - 4. Let o(b) = -4*l(b) + 3*v(b). What is o(21)?
4
Let i(c) = c**2 - c. Let b(f) = 8*f**2 - 10*f + 5. Let v(d) = b(d) - 6*i(d). Determine v(4).
21
Let v(r) be the third derivative of -r**4/8 + 11*r**3/6 + 18*r**2. Determine v(6).
-7
Let t be (-10)/(-2) + (2 - 3). Suppose -5*m - t = -3*m. Let i(w) be the third derivative of -w**5/30 - w**4/12 - w**3/2 + 600*w**2. Determine i(m).
-7
Let h(l) = l + 1. Let z = -81 + 141. Suppose q = 0, 3*q - q - z = 5*r. Let x = -17 - r. Determine h(x).
-4
Let u = 336 + -349. Let y(t) = -t**3 - 12*t**2 + 11*t - 19. Calculate y(u).
7
Suppose 3*i = -5*i. Let j(n) = -n - 8. What is j(i)?
-8
Let f be (-1 - -21)*(50/(-8) + 7). Let w(i) = -8*i**2 - f*i**3 + 33*i**3 - 9 - 17*i**3. What is w(8)?
-9
Let x(p) = p - 21. Let r be 5/(-2) + 2139/186. What is x(r)?
-12
Let d(c) = -c**2 + 4*c + 6. Let z be 2 - (3 + (-15)/6)*-2. Let f be (6 - z)*-4*3/(-6). Calculate d(f).
-6
Let v(b) = 2*b - 37. Suppose -374 = 47*m - 69*m. What is v(m)?
-3
Let t(x) = -10*x + 4. Let c be t(1). Let o = 0 + 3. Let v(s) = -12*s + o*s**2 + 18*s - 2*s**2. What is v(c)?
0
Let r be (4/((-20)/15))/(6/(-4)). Let q(p) = -1 - 6*p**2 - p + 6*p**r - 2*p + p**3. Calculate q(-2).
-3
Let u be (6/(-2))/(8/(-8)). Let f(y) = -4*y**3 - y + 3*y**3 + 16*y**2 - u*y - 11*y**2 - 5. Calculate f(4).
-5
Suppose -207 = -29*f - 62. Let a(d) = 2*d**2 - 5*d - 4. Give a(f).
21
Let p(x) be the second derivative of 0 + 1/3*x**3 + 3*x - 1/2*x**2. Calculate p(-2).
-5
Let h(a) = 3 + 6*a - 8*a + 4*a. Suppose 2*q + 19 = -5*n, 25 = -4*n - n. Give h(q).
9
Let a(b) be the second derivative of -b**4/12 + 7*b**3/6 + 27*b**2 - 7*b + 5. Let u be a(-5). Let o(z) = z - 1. Calculate o(u).
-7
Let b(t) = -t**2 + 1. Let o(f) = 5*f + 6. Let v be o(-3). Suppose -2*m - q = -17, 3*m - 38 = q - 5*q. Let l = m + v. What is b(l)?
-8
Let h(a) = 2 - a - 6 + 5. Let x be (-21)/(-28) + (-6)/8. Give h(x).
1
Let v(x) = -3*x. Suppose 3*y - 15 = -6. Let m = y + -4. Give v(m).
3
Suppose -s - h + 11 + 5 = 0, -2*s = 5*h - 29. Suppose -3*z = -4*t + s, -z - 13 = -2*t - 4*z. Let a(m) = m**2 - 4*m. Give a(t).
5
Let i be -5*((-4)/10 - 0). Suppose -i*h + h - 13 = 4*g, -3*h = -4*g + 7. Let b(k) = -k**2 - 1. What is b(g)?
-5
Suppose 90 = 4*j - 5*w, 3*j - 5*w + 110 = 7*j. Let o(x) = 26 - 2*x + 3*x**2 - j + 4*x**2. Give o(1).
6
Let u(h) = -3 + 2 - h + 4 - h. Suppose -10 = s - 7*y + 2*y, s + 3*y = -2. Determine u(s).
13
Let k = 35 - 32. Let o(x) = -1 - x - k + 0*x + 1. Let s(w) = -w**3 + 6*w**2 + 7*w. Let m be s(7). Determine o(m).
-3
Let y = 193 + -206. Let p(x) = -x**3 - 14*x**2 - 12*x + 17. Give p(y).
4
Let h(k) = -9*k**2 - 4. Let i(g) = -10*g**2 - 5. Let n(y) = -4*h(y) + 3*i(y). Let l = 4 + -3. Determine n(l).
7
Let c(l) = -19 - 4*l + 0*l + 0*l + 10. Let r be ((-2 + 3)/(-1))/(7/49). Give c(r).
19
Let l be 8/(-16)*(9 - 14/2). Let h be -3*((-10)/(-6) + -2). Let v(r) = h + 0*r - 6*r + 2*r. Determine v(l).
5
Let y(x) = x**3 - 5*x**2 - 7*x + 8. Suppose -217*p + 208*p = -54. What is y(p)?
2
Let o(a) = 5*a**3 + 2*a**2 - a. Let j(d) = 26*d**2 + 27*d**2 - 54*d**2 - 5*d - 3. Let l be j(-4). Calculate o(l).
6
Let a(x) = 3*x + 45. Let p be a(-13). Let g(s) be the third derivative of -s**6/120 + 7*s**5/60 - s**4/6 - 5*s**3/6 + 5*s**2. What is g(p)?
7
Let z(m) be the first derivative of -m**4/4 - 4*m**3/3 - m**2/2 - m - 352. Determine z(-3).
-7
Let x(w) = -w**3 + 10*w**2 - 8*w - 11. Let h(t) = -5*t - 6. Let i be h(-3). Let b be x(i). Let j(f) = -3*f**2 - 3*f. Give j(b).
-6
Let z(x) = 4*x - 1. Let j be -1*(-1 - 0) - 0. Let u be (((-56)/(-2))/7)/2. Let m be j + (2 - (3 - u)). Calculate z(m).
7
Let t(r) be the second derivative of -r**6/120 + r**5/10 - 5*r**4/24 + 4*r**2 - r. Let h(z) be the first derivative of t(z). Determine h(5).
0
Let o(u) be the third derivative of u**4/24 + u**3/3 + 37*u**2. Give o(-6).
-4
Let y(k) = -9*k**2 + 8*k + 14. Let t(b) = -11*b**2 + 7*b + 16. Let s(r) = 4*t(r) - 5*y(r). What is s(8)?
-38
Let j(l) = -5*l - 14. Suppose -36*y + 20*y = 96. What is j(y)?
16
Let j(g) = -8*g + 7. Let r(a) = 4*a - 4. Let o(k) = 6*j(k) + 11*r(k). Let u = 32 - 34. Calculate o(u).
6
Let r(t) be the first derivative of -4*t + 1 - t**3 - 1/4*t**4 - 2*t**2. Give r(-3).
8
Let c(i) be the first derivative of -1/4*i**4 + i**3 - 3*i + i**2 + 3. Determine c(4).
-11
Let d = -31 + 58. Suppose -4*g + 35 = d. Let k(o) = 2*o**3 - 2*o**2 + 2*o - 3. What is k(g)?
9
Suppose 4*c + 30 = 2. Let h(f) be the third derivative of -f**5/60 - 5*f**4/24 + 7*f**3/6 + 101*f**2 + 2*f. Determine h(c).
-7
Let p(t) = t**3 + 6*t**2 + t + 2. Let n be -2*(-1)/2 + 6. Let i(g) = g**3 - 9*g**2 + 13*g + 1. Let b be i(n). Determine p(b).
-4
Let j(w) be the first derivative of -w**4/4 - 8*w**3/3 + w**2/2 + 12*w - 548. Determine j(-8).
4
Let z(w) = w - 4 - 1 + 2 + 1. Let v(g) = -g - 1. Let j(b) = v(b) - z(b). Suppose 4*m + 5 = 6*m - y, -y = -4*m + 9. What is j(m)?
-3
Suppose 4*c = -8*u - 84, 42 = -u - 0*u - 5*c. Let r(x) = -2*x**2 + 8*x + 6. Let i(p) = -3*p**2 + 8*p + 5. Let b(v) = 3*i(v) - 4*r(v). Calculate b(u).
-2
Let m(g) = -5*g**3 + g**2 + 7*g + 4. Let t(y) = y**3 + y**2. Let n(i) = m(i) + 6*t(i). Let q be (125/500)/((-2)/48). Give n(q).
-2
Let w(z) = -1 - 406950*z**2 + 406950*z**2 - 3*z**3. Let l be 21/(-9) - (-20)/15. Give w(l).
2
Let u(c) = -16*c + 1. Suppose -3*r + 4*r = 2*j - 6, 4*r + 4*j - 24 = 0. Suppose d - a = -3*d, r*a = -d + 9. Calculate u(d).
-15
Let t(f) = f**3 - f**2 - 3*f - 3. Let k be t(3). Let h = k - 4. Let a be (h - 5)/((-2)/(-2)). Let c(b) = b**3 + 4*b**2 - 4. Give c(a).
5
Let y(t) = -t + 8. Suppose -3*f - 18 = -2*p, -29 = -2*p - p + 5*f. What is y(p)?
5
Let y be (42/28)/(3/8). Let z(k) be the second derivative of -k**5/20 + k**4/2 - 5*k**3/6 - k**2 + 10*k - 1. Calculate z(y).
10
Let g(p) = -5*p**2 - 4*p - 3. Let a be (60/72)/(2/4)*3. Suppose -15 = 5*l - a. What is g(l)?
-15
Let d(x) = -x**2 + 9*x. Let h(c) = -5*c**2 - 5 - 6 + 2 + 10*c**2 + c**3. Let p be h(-3). Determine d(p).
0
Let w(t) = -t + 12. Suppose 20 = -4*h, h = -2*c - 0*c + 7. Let u = 19 + -20. Let f = u + c. Determine w(f).
7
Let d(r) be the second derivative of -r**5/20 - r**4/6 + r**3/3 + 2*r**2 + 2*r + 154. Give d(-3).
7
Let k(v) = -7*v - 49. Suppose -33*j - 118 = 80. Calculate k(j).
-7
Let y(p) = p - 10. Let z = 0 + -4. Let n(x) = -x + 1. Let f be n(z). Suppose -f*s - 28 = -3*t, -3*s - 17 = -3*t + 7. Calculate y(t).
-4
Let r = -31 - -52. Let c = r + -19. Let m(t) = 2*t + 0*t**3 - 2*t**2 - t**2 + 2*t**3 - 3. What is m(c)?
5
Let t(u) = u**2 - 35*u - 156. Let i be t(39). Let m(b) = -b**2 + 3*b - 10. Calculate m(i).
-10
Let v(w) = -w**3 - 10*w**2 + 10*w - 7. Let j(p) = -p**2 - 19*p - 81. Let d be j(-14). What is v(d)?
4
Let t(p) = 8*p + 10. Let k(j) = 15*j + 19. Let r(m) = 6*k(m) - 11*t(m). Calculate r(-6).
-8
Let y(f) = -20*f**3 + 15*f**2 + 15*f + 17. Let c(g) = -11*g**3 + 8*g**2 + 8*g + 9. Let j(a) = -11*c(a) + 6*y(a). Give j(-2).
-1
Let j be -7 - (13 - 12)*-8. Let h(k) = 1 + 0 + 5*k + 0. What is h(j)?
6
Let n(k) be the second derivative of k**5/20 + k**4/2 - k**3/6 + 7*k**2/2 + 274*k. Determine n(-5).
37
Let w(g) = -3*g + 9. Let m(k) = 4. Let b(f) = -4*m(f) + w(f). Give b(-6).
11
Let q(l) = 27*l - 1 - 4 + 1 - 50*l + 22*l. Calculate q(5).
-9
Let r = 9 + -10. Let j(u) = -u**3 - 6*u**2 - 2*u + 3. Let y(c) = -c - 1. Let b(z) = r*j(z) - 4*y(z). Determine b(-5).
-4
Let c(t) = -t**2 - 5*t + 11. Suppose -2*r + 50 = -5*n, -3*n - r - 12 = 7. What is c(n)?
-13
Suppose -3*k + 46*k = -43. Let u(f) = 7*f + 1. What is u(k)?
-6
Let v(y) be the third derivative of -y**4/8 + 